Dec 01 18:32:57.776 INFO testing eignnx/lisp-for-cats against master#8940af3cea4a9a9deabcaf843b2f8cad9a83fc61 for beta-1.31-5
Dec 01 18:32:57.776 INFO running `"docker" "create" "-v" "/mnt/big/crater/work/local/target-dirs/beta-1.31-5/worker-0/master#8940af3cea4a9a9deabcaf843b2f8cad9a83fc61:/target:rw,Z" "-v" "/mnt/big/crater/work/local/test-source/worker-0/beta-1.31-5/master#8940af3cea4a9a9deabcaf843b2f8cad9a83fc61:/source:ro,Z" "-v" "/mnt/big/crater/work/local/cargo-home:/cargo-home:ro,Z" "-v" "/mnt/big/crater/work/local/rustup-home:/rustup-home:ro,Z" "-e" "USER_ID=1000" "-e" "SOURCE_DIR=/source" "-e" "USER_ID=1000" "-e" "CMD=cargo +8940af3cea4a9a9deabcaf843b2f8cad9a83fc61-alt build --frozen" "-e" "CARGO_TARGET_DIR=/target" "-e" "CARGO_INCREMENTAL=0" "-e" "RUST_BACKTRACE=full" "-e" "RUSTFLAGS=--cap-lints=warn" "-e" "CARGO_HOME=/cargo-home" "-e" "RUSTUP_HOME=/rustup-home" "-m" "1536M" "--network" "none" "crater"`
Dec 01 18:32:58.279 INFO [stdout] 32449d5a555c207344d7451723ef8e8f8366a7c0738fcc37767bc9885d0516af
Dec 01 18:32:58.281 INFO running `"docker" "start" "-a" "32449d5a555c207344d7451723ef8e8f8366a7c0738fcc37767bc9885d0516af"`
Dec 01 18:33:00.555 INFO [stderr] usermod: no changes
Dec 01 18:33:00.828 INFO [stderr]    Compiling gmp-mpfr-sys v1.1.6
Dec 01 18:33:00.829 INFO [stderr]    Compiling rug v1.2.0
Dec 01 18:33:00.835 INFO [stderr]    Compiling petgraph v0.4.12
Dec 01 18:33:00.855 INFO [stderr]    Compiling string_cache_codegen v0.4.1
Dec 01 18:33:00.857 INFO [stderr]    Compiling regex v0.2.11
Dec 01 18:33:00.858 INFO [stderr]    Compiling im v10.2.0
Dec 01 18:33:00.859 INFO [stderr]    Compiling serde_derive v1.0.68
Dec 01 18:33:00.860 INFO [stderr]    Compiling atty v0.1.2
Dec 01 18:33:03.743 INFO [stderr]    Compiling digest v0.7.4
Dec 01 18:33:09.578 INFO [stderr]    Compiling sha2 v0.7.1
Dec 01 18:33:16.275 INFO [stderr] error[E0034]: multiple applicable items in scope
Dec 01 18:33:16.275 INFO [stderr]     --> /cargo-home/registry/src/github.com-1ecc6299db9ec823/petgraph-0.4.12/src/graph_impl/stable_graph/mod.rs:1171:19
Dec 01 18:33:16.275 INFO [stderr]      |
Dec 01 18:33:16.275 INFO [stderr] 1171 |         self.iter.find_map(|(i, node)| {
Dec 01 18:33:16.275 INFO [stderr]      |                   ^^^^^^^^ multiple `find_map` found
Dec 01 18:33:16.303 INFO [stderr]      |
Dec 01 18:33:16.303 INFO [stderr] note: candidate #1 is defined in an impl of the trait `iter_utils::IterUtilsExt` for the type `_`
Dec 01 18:33:16.303 INFO [stderr]     --> /cargo-home/registry/src/github.com-1ecc6299db9ec823/petgraph-0.4.12/src/iter_utils.rs:5:5
Dec 01 18:33:16.303 INFO [stderr]      |
Dec 01 18:33:16.303 INFO [stderr] 5    | /     fn find_map<F, R>(&mut self, mut f: F) -> Option<R>
Dec 01 18:33:16.303 INFO [stderr] 6    | |         where F: FnMut(Self::Item) -> Option<R>
Dec 01 18:33:16.303 INFO [stderr] 7    | |     {
Dec 01 18:33:16.303 INFO [stderr] 8    | |         while let Some(elt) = self.next() {
Dec 01 18:33:16.303 INFO [stderr] ...    |
Dec 01 18:33:16.303 INFO [stderr] 13   | |         None
Dec 01 18:33:16.303 INFO [stderr] 14   | |     }
Dec 01 18:33:16.303 INFO [stderr]      | |_____^
Dec 01 18:33:16.303 INFO [stderr]      = note: candidate #2 is defined in an impl of the trait `std::iter::Iterator` for the type `std::iter::Enumerate<_>`
Dec 01 18:33:16.303 INFO [stderr] 
Dec 01 18:33:16.455 INFO [stderr] error[E0034]: multiple applicable items in scope
Dec 01 18:33:16.455 INFO [stderr]     --> /cargo-home/registry/src/github.com-1ecc6299db9ec823/petgraph-0.4.12/src/graph_impl/stable_graph/mod.rs:1363:19
Dec 01 18:33:16.455 INFO [stderr]      |
Dec 01 18:33:16.455 INFO [stderr] 1363 |         self.iter.find_map(|(i, edge)|
Dec 01 18:33:16.455 INFO [stderr]      |                   ^^^^^^^^ multiple `find_map` found
Dec 01 18:33:16.503 INFO [stderr]      |
Dec 01 18:33:16.503 INFO [stderr] note: candidate #1 is defined in an impl of the trait `iter_utils::IterUtilsExt` for the type `_`
Dec 01 18:33:16.503 INFO [stderr]     --> /cargo-home/registry/src/github.com-1ecc6299db9ec823/petgraph-0.4.12/src/iter_utils.rs:5:5
Dec 01 18:33:16.503 INFO [stderr]      |
Dec 01 18:33:16.503 INFO [stderr] 5    | /     fn find_map<F, R>(&mut self, mut f: F) -> Option<R>
Dec 01 18:33:16.503 INFO [stderr] 6    | |         where F: FnMut(Self::Item) -> Option<R>
Dec 01 18:33:16.503 INFO [stderr] 7    | |     {
Dec 01 18:33:16.503 INFO [stderr] 8    | |         while let Some(elt) = self.next() {
Dec 01 18:33:16.503 INFO [stderr] ...    |
Dec 01 18:33:16.503 INFO [stderr] 13   | |         None
Dec 01 18:33:16.503 INFO [stderr] 14   | |     }
Dec 01 18:33:16.503 INFO [stderr]      | |_____^
Dec 01 18:33:16.503 INFO [stderr]      = note: candidate #2 is defined in an impl of the trait `std::iter::Iterator` for the type `std::iter::Enumerate<_>`
Dec 01 18:33:16.503 INFO [stderr] 
Dec 01 18:33:16.595 INFO [stderr] error[E0034]: multiple applicable items in scope
Dec 01 18:33:16.595 INFO [stderr]     --> /cargo-home/registry/src/github.com-1ecc6299db9ec823/petgraph-0.4.12/src/graph_impl/stable_graph/mod.rs:1527:19
Dec 01 18:33:16.595 INFO [stderr]      |
Dec 01 18:33:16.595 INFO [stderr] 1527 |         self.iter.find_map(|(i, node)| {
Dec 01 18:33:16.595 INFO [stderr]      |                   ^^^^^^^^ multiple `find_map` found
Dec 01 18:33:16.595 INFO [stderr]      |
Dec 01 18:33:16.595 INFO [stderr] note: candidate #1 is defined in an impl of the trait `iter_utils::IterUtilsExt` for the type `_`
Dec 01 18:33:16.595 INFO [stderr]     --> /cargo-home/registry/src/github.com-1ecc6299db9ec823/petgraph-0.4.12/src/iter_utils.rs:5:5
Dec 01 18:33:16.595 INFO [stderr]      |
Dec 01 18:33:16.595 INFO [stderr] 5    | /     fn find_map<F, R>(&mut self, mut f: F) -> Option<R>
Dec 01 18:33:16.595 INFO [stderr] 6    | |         where F: FnMut(Self::Item) -> Option<R>
Dec 01 18:33:16.595 INFO [stderr] 7    | |     {
Dec 01 18:33:16.595 INFO [stderr] 8    | |         while let Some(elt) = self.next() {
Dec 01 18:33:16.595 INFO [stderr] ...    |
Dec 01 18:33:16.595 INFO [stderr] 13   | |         None
Dec 01 18:33:16.595 INFO [stderr] 14   | |     }
Dec 01 18:33:16.595 INFO [stderr]      | |_____^
Dec 01 18:33:16.595 INFO [stderr]      = note: candidate #2 is defined in an impl of the trait `std::iter::Iterator` for the type `std::iter::Enumerate<_>`
Dec 01 18:33:16.595 INFO [stderr] 
Dec 01 18:33:16.615 INFO [stderr] error[E0034]: multiple applicable items in scope
Dec 01 18:33:16.615 INFO [stderr]     --> /cargo-home/registry/src/github.com-1ecc6299db9ec823/petgraph-0.4.12/src/graph_impl/stable_graph/mod.rs:1573:19
Dec 01 18:33:16.615 INFO [stderr]      |
Dec 01 18:33:16.615 INFO [stderr] 1573 |         self.iter.find_map(|(i, node)| {
Dec 01 18:33:16.615 INFO [stderr]      |                   ^^^^^^^^ multiple `find_map` found
Dec 01 18:33:16.639 INFO [stderr]      |
Dec 01 18:33:16.639 INFO [stderr] note: candidate #1 is defined in an impl of the trait `iter_utils::IterUtilsExt` for the type `_`
Dec 01 18:33:16.639 INFO [stderr]     --> /cargo-home/registry/src/github.com-1ecc6299db9ec823/petgraph-0.4.12/src/iter_utils.rs:5:5
Dec 01 18:33:16.639 INFO [stderr]      |
Dec 01 18:33:16.639 INFO [stderr] 5    | /     fn find_map<F, R>(&mut self, mut f: F) -> Option<R>
Dec 01 18:33:16.639 INFO [stderr] 6    | |         where F: FnMut(Self::Item) -> Option<R>
Dec 01 18:33:16.639 INFO [stderr] 7    | |     {
Dec 01 18:33:16.639 INFO [stderr] 8    | |         while let Some(elt) = self.next() {
Dec 01 18:33:16.639 INFO [stderr] ...    |
Dec 01 18:33:16.639 INFO [stderr] 13   | |         None
Dec 01 18:33:16.639 INFO [stderr] 14   | |     }
Dec 01 18:33:16.639 INFO [stderr]      | |_____^
Dec 01 18:33:16.639 INFO [stderr]      = note: candidate #2 is defined in an impl of the trait `std::iter::Iterator` for the type `std::iter::Enumerate<_>`
Dec 01 18:33:16.639 INFO [stderr] 
Dec 01 18:33:18.631 INFO [stderr] error: aborting due to 4 previous errors
Dec 01 18:33:18.631 INFO [stderr] 
Dec 01 18:33:18.631 INFO [stderr] For more information about this error, try `rustc --explain E0034`.
Dec 01 18:33:18.685 INFO [stderr] error: Could not compile `petgraph`.
Dec 01 18:33:18.686 INFO [stderr] warning: build failed, waiting for other jobs to finish...
Dec 01 18:36:57.586 INFO [stderr] error: build failed
Dec 01 18:36:57.589 INFO [stderr] su: No module specific data is present
Dec 01 18:36:58.926 INFO running `"docker" "inspect" "32449d5a555c207344d7451723ef8e8f8366a7c0738fcc37767bc9885d0516af"`
Dec 01 18:36:59.257 INFO running `"docker" "rm" "-f" "32449d5a555c207344d7451723ef8e8f8366a7c0738fcc37767bc9885d0516af"`
Dec 01 18:36:59.551 INFO [stdout] 32449d5a555c207344d7451723ef8e8f8366a7c0738fcc37767bc9885d0516af
